0
Let b = -117 + 165. Let q(j) = j + 6. Let w be q(-6). Suppose -2*o + w*o = -24. Calculate the highest common divisor of b and o.
12
Let j = -11 + 8. Let k = 6 + j. Calculate the greatest common factor of k and 18.
3
Let m = 44 - 67. Let p = m + 44. Calculate the greatest common factor of p and 231.
21
Let p = 23 - -12. Calculate the highest common factor of p and 7.
7
Suppose 10 = 2*z - 0*z - 3*x, 3*x = -3*z + 45. Let j be (1 - z)/((-1)/3). Calculate the greatest common divisor of j and 10.
10
Let t = -3 + 2. Let y(v) = v - 5. Let w be y(5). Let m be 44/4 - (t + w). What is the highest common divisor of m and 6?
6
Suppose 8*j = 50 + 22. What is the highest common factor of 135 and j?
9
Suppose 0 = 3*m - 14 - 1. Suppose 145 + 135 = m*x. Calculate the greatest common divisor of x and 8.
8
Suppose 5*b - 6 = 39. Calculate the highest common divisor of b and 3.
3
Let x(d) = -d**2 - 2*d + 3. Let c be x(-2). Calculate the highest common factor of c and 3.
3
Let g = 39 - 26. What is the greatest common factor of g and 117?
13
Suppose 4*k = -0*k + 48. Suppose 0 = -2*z - 4*q + 7 + 15, 3*q = k. Suppose 24 = 4*s - 24. What is the greatest common factor of z and s?
3
Let a = 16 + -8. Let t be a/28 - 68/(-7). What is the greatest common factor of t and 5?
5
Suppose -5*c - 48 = -148. Calculate the highest common divisor of 220 and c.
20
Let g(f) = f**3 - f**2 + f - 84. Let v be g(0). Let w be v/4*1/(-1). What is the highest common factor of w and 3?
3
Suppose 0 = -4*j - j + 15. What is the greatest common divisor of j and 6?
3
Let x(s) = -s**3 - s**2 - s + 7. Let j be x(0). Suppose 1 = l - j. Calculate the greatest common divisor of 88 and l.
8
Let q = -67 + 221. Calculate the greatest common divisor of 14 and q.
14
Suppose 5*g - 125 = t + 4*t, -2*t = 3*g - 50. Suppose 3*z - 5 = 55. What is the highest common divisor of g and z?
20
Let s(u) = -4*u + 3. Let b be s(-15). What is the highest common factor of b and 9?
9
Suppose 5*m = 3*m - 5*k - 5, 3*k + 3 = -2*m. Suppose 3*y + m*y = 54. Suppose -4*r = r - 990. What is the highest common divisor of y and r?
18
Let u be 483/(-6)*-3 + 2/4. What is the highest common factor of 22 and u?
22
Let i be 110/(-3) - 4/(-6). Let y = 57 + i. What is the greatest common divisor of 7 and y?
7
Suppose -4*d - 3*j = -480, 3*j = -2*d - 2*j + 254. Let r(l) = 12*l + 1. Let y be r(1). Calculate the greatest common divisor of d and y.
13
Let z = 19 - -8. Let y = z + -18. What is the greatest common divisor of y and 1?
1
Let n be (1 - 39)/(6/(-3)). Let a(j) = j**3 + 7*j**2 + 3*j + 1. Let u be a(-6). What is the highest common divisor of u and n?
19
Let j = 12 - 8. Suppose 5*o + 10 = 2*k, 0*k - 34 = -j*k + 3*o. Let y be ((-26)/(-4) + -4)*2. Calculate the highest common divisor of y and k.
5
Suppose 174 = 4*w + 134. What is the highest common factor of w and 5?
5
Let z(h) = h**3 + 2*h**2 - 3*h - 4. Let y be z(-3). Let d be y - -4 - (-1 - 8). Calculate the highest common factor of d and 63.
9
Let f be (-4)/12 + 145/3. What is the greatest common factor of 24 and f?
24
Suppose -6 = 3*q - 18. Let u be 3/q - (-375)/12. What is the greatest common factor of 4 and u?
4
Suppose 5*a = 2*a. Let v(x) = -x**3 - x**2 - x + 2. Let k be v(a). What is the highest common factor of 6 and k?
2
Let b be (3 - 6)*440/(-6). What is the greatest common factor of 20 and b?
20
Suppose 7 - 47 = -2*i. Calculate the greatest common factor of 40 and i.
20
Suppose -3*s - s = 32. Let a = s + 144. What is the greatest common divisor of a and 17?
17
Let n(p) = -5*p - 6 - 2*p + 3*p + 3*p. Let f be n(-7). Calculate the greatest common factor of f and 9.
1
Let b be (-32)/(-1*(-2)/(-4)). Let h(o) = -5*o - 5. Let i be h(-5). Suppose 0 = t - i + 4. What is the greatest common divisor of t and b?
16
Let v(s) = 2*s - 9. Let t be v(7). Suppose 2198 = t*z + 563. Suppose -2*a = 3*c - z, a = c + 206 - 45. Calculate the greatest common divisor of a and 18.
18
Let f be (-188)/(-14) + (-6)/14. Suppose 207 = 5*h - f. What is the greatest common divisor of 4 and h?
4
Let t = 33 - 29. Calculate the greatest common factor of 4 and t.
4
Suppose 0 = -0*s - s - 2. Let o be (1 - -22*1) + s. Calculate the greatest common factor of o and 189.
21
Let v = 30 - 18. What is the highest common divisor of 3 and v?
3
Suppose 115*n + 38 = 117*n. Calculate the highest common divisor of 304 and n.
19
Let h = 3 + 2. Let n = -63 + 44. Let p be (0 + -1)*(n + -1). What is the greatest common factor of p and h?
5
Let j(h) = 3*h**2 - 3*h + 1. Let w be j(2). Calculate the highest common divisor of 56 and w.
7
Let i(c) = 3*c + 27. Let z be i(11). What is the highest common divisor of z and 30?
30
Let l = -11 - -25. Suppose 5*q - 764 = -3*i, q - 206 = 4*i - 44. Calculate the greatest common factor of q and l.
14
Suppose -16 = -2*o + 4. What is the highest common divisor of o and 80?
10
Suppose -3*t + a + 0*a = -44, 4*t - 57 = a. Let m(y) = -2*y**2 - 35*y + 17. Let n be m(-16). Calculate the greatest common factor of t and n.
13
Let y be (-1 + 3/2)*8. Let r = y - -2. Let c(s) = -s**3 + 3*s + 2. Let d be c(-4). Calculate the highest common factor of r and d.
6
Suppose -2*h + 3 = -5*h. Let p be 166/4 + h/(-2). Calculate the highest common factor of 7 and p.
7
Suppose 0*a = -5*a + 605. Calculate the highest common factor of a and 11.
11
Suppose 0 = -3*v + 5*q + 19, -9*v = -4*v - q - 39. Calculate the highest common divisor of 8 and v.
8
Let t be 2/(-6) - (-110)/6. Let u(w) = 9*w**2 + 6*w + 3. Suppose -3*l = 7 + 8. Let k be u(l). What is the highest common divisor of t and k?
18
Let w = -19 + 25. What is the highest common divisor of w and 66?
6
Suppose 4*j - 167 = 153. Let m be 5 + (-1)/((-95)/(-25) - 4). What is the highest common divisor of j and m?
10
Suppose 3003 = 16*v + 219. What is the greatest common factor of v and 6?
6
Suppose -2*v + c - 5*c - 14 = 0, -2*v - 5*c = 18. Calculate the highest common divisor of v and 8.
1
Let c(j) = -12*j - 2. Let m be c(-3). Calculate the greatest common factor of 51 and m.
17
Let f = 14 - 6. Let y(a) = -a**2 - 10*a + 8. Let i be y(-8). Calculate the highest common divisor of i and f.
8
Let k(q) = 11*q - 27. Let g be k(5). What is the greatest common factor of 42 and g?
14
Let h(j) = -j**3 + 7*j**2 + 8*j - 8. Let m be h(8). Let r = -4 - m. Suppose 0 = -y - r, 46 = 5*w - 7*y + 3*y. Calculate the greatest common factor of w and 30.
6
Suppose -4*m + 36 = -16. Let h = 175 - 32. Calculate the highest common factor of m and h.
13
Let h(m) = 2*m + 6. Let y be h(8). What is the highest common factor of 242 and y?
22
Let s = -4 + 4. Suppose s = 2*r, 6*r + 8 = 4*c + r. What is the highest common factor of c and 5?
1
Let g = 2 - -3. Suppose 0*d = -y - 3*d + 6, g*y - 72 = -d. Suppose -7*s + 400 = -3*s + 5*k, -3*k - 327 = -3*s. Calculate the highest common divisor of y and s.
15
Suppose 5*n = 4*g - 13 + 34, -n + 5*g + 21 = 0. Let x be n/(-2)*(-2 - -2). Suppose 3*y - 28 - 242 = x. Calculate the greatest common divisor of y and 10.
10
Let h(z) = -2*z + 4. Let v be h(-12). Calculate the highest common divisor of v and 56.
28
Let o(u) = 5*u - 15. Let w(g) = 14*g - 44. Let d(t) = 11*o(t) - 4*w(t). Suppose -s - 5 = -2*s. Let f be d(s). Calculate the highest common divisor of f and 66.
6
Let i = -1 - -4. Suppose -c = -5*s + 106, 3*s - 81 = -s - i*c. Let o(w) = -w**2 + 5*w + 1. Let n be o(3). Calculate the highest common divisor of n and s.
7
Let j = 178 - 103. Let h be (1 - (-1 + 3)) + 16. Calculate the highest common divisor of h and j.
15
Let v be 54/10 - 4/10. What is the highest common divisor of 5 and v?
5
Suppose -2*b + 0*b + 198 = 0. Let l = b + -55. Suppose 5*x + 23 = 3*n + 87, -l = -3*x - n. What is the highest common factor of 42 and x?
14
Let j = 7 + -4. Suppose 4*g - 22 - 2 = 0. Let z be (g/(-1))/((-8)/44). What is the highest common factor of j and z?
3
Let z = -8 + 8. Suppose z*v = -v + 6. Calculate the highest common divisor of v and 42.
6
Suppose m - 110 = 4. Let d = 246 - m. Let k be (-21)/(-2) - (-3)/2. What is the highest common factor of k and d?
12
Suppose x - 4*d = 13, -3 = -2*d + 5*d. Let h = x - 14. Let b be 1 - h/((-10)/(-6)). What is the greatest common divisor of b and 36?
4
Suppose -3*j - j - 12 = 0. Let r be (-1*(-42)/j)/(-2). What is the highest common diviso